at is v(z)?
-9
Let l(u) be the second derivative of -u**4/12 + u**3/6 + 2*u**2 - u. Suppose 0 = d - r - 1, -4*d = 5*r + 15 - 37. Determine l(d).
-2
Suppose -2 + 7 = n, 5*n = 5*g + 10. Let l(p) be the first derivative of -p**4/4 + p**3 + 2*p**2 - 2*p - 31. Calculate l(g).
10
Let h(c) = -c + 2. Suppose 6 = 19*i - 18*i. Determine h(i).
-4
Let m(o) be the third derivative of -o**5/60 + o**4/24 + 2*o**3 - 5*o**2 - 4*o. Calculate m(0).
12
Suppose -z + 4*h - 10 = 0, -4*h - 13 = 3*z - 47. Let s be (z/(-4))/(18/24). Let q = 6 + s. Let t(x) = x**2 - 4*x. What is t(q)?
0
Let l(z) be the third derivative of -z**3 + 2*z**2 + 0 + 0*z - 1/6*z**4. Give l(-4).
10
Let z = -10 - -12. Let s be z - (-20)/(-6 + 2). Let f(r) = 7*r**3 - r**2 - 5*r - 9. Let h(n) = 10*n**3 - n**2 - 8*n - 13. Let p(j) = 7*f(j) - 5*h(j). Give p(s).
-4
Let f(t) = -3*t + 6. Suppose q = 2*o + 9, 0 + 3 = -o. Suppose -2*v = 7*h - 2*h + 10, q*v + 2*h - 7 = 0. What is f(v)?
-9
Let h(o) be the second derivative of o**4/3 + o**2/2 + 13*o. Determine h(-1).
5
Let b(x) = -x - 2. Let g = 78 - 43. Suppose -2*n = 3*n - g. What is b(n)?
-9
Let m(y) = y**2 - 2*y - 5. Suppose 2*j - 4*c + 12 = 0, -2*c = -j - c - 1. Calculate m(j).
3
Let q = 16 - 14. Let m(k) = -k**3 + k**2 - 2*k. Calculate m(q).
-8
Let o = -10 + 25. Suppose 5*k + o = -0*k. Let i(u) = u**2 + 5*u + 1. What is i(k)?
-5
Suppose -7 = -3*q - 1. Let u(r) be the first derivative of -r**6/360 + r**4/12 - 4*r**3/3 + 5. Let m(w) be the third derivative of u(w). Give m(q).
-2
Let i(x) = -3*x**2 - 5*x**2 - 2048*x + x**3 + 2054*x. Calculate i(7).
-7
Let x = -7 + 6. Let n(m) = -m**3 + m - 1. Let c(d) = -4*d**3 + 3. Let f(w) = c(w) + 2*n(w). What is f(x)?
5
Let w(s) = -s**3 + s**2. Let g(l) = -7*l**2 - 2*l - 9. Let h(p) = g(p) + w(p). Let b = -2 + -12. Let n be -4*(-3)/b*7. Calculate h(n).
3
Let y(r) = -r + 3. Let q be y(3). Let u(w) = 6*w - 10. Suppose 0*t + t + 18 = 4*j, 4*t - 4 = -3*j. Let n(h) = h - 2. Let d(g) = t*u(g) + 11*n(g). Give d(q).
-2
Let c(g) = 6*g. Suppose y = -3*r + 13, 3*y + 0*y = -2*r + 11. Give c(y).
6
Let b be (-36)/6*((-2 - -4) + -1). Let j(s) = -s**3 - 7*s**2 - 6*s - 1. What is j(b)?
-1
Let k(j) = 6 - 3 + 0*j + 11*j - 4. Calculate k(-1).
-12
Let k(h) = h**3 + 5*h**2 + 6*h + 2. Let l = 32 + -36. Calculate k(l).
-6
Let k(p) be the first derivative of p**5/24 - p**4/12 - p**3 - 1. Let w(n) be the third derivative of k(n). Give w(2).
8
Let s(d) = 5*d**3 - 11*d**2 + 11*d - 11. Let a(y) = -4*y**3 + 10*y**2 - 10*y + 10. Let u(x) = -6*a(x) - 5*s(x). What is u(-6)?
1
Let j(g) = 5*g + 3. Let v(m) = -m**3 - 9*m**2 - 9*m - 10. Let x be v(-8). Calculate j(x).
-7
Let k(y) = y**2 - 17*y. Let f be k(17). Suppose 4*v - 4*t = 16, 5*v + 5*t - 42 + 12 = f. Let r(j) = -3*j + 5. Determine r(v).
-10
Suppose k - 12 = 5*k. Let x(y) = 0 - 85*y - 3 - 2*y**2 + 86*y - y**3 + 0*y**3. Determine x(k).
3
Let u = -1 + 4. Let n(y) = -y + u + 4*y - 2*y. Let t(b) = 2*b + 8. Let d be t(-6). What is n(d)?
-1
Suppose -2*k + 4 = 2*d, -k - d + 12 = -5*d. Suppose k*s = -s + 15. Let l(r) = r**3 - 2*r**2 - 3*r. Give l(s).
0
Let n(p) be the third derivative of -p**6/120 - 7*p**5/60 + p**4/12 + p**3 - 25*p**2. Calculate n(-7).
-8
Let r(w) = -5*w**3 - 2*w + 1. Let b be r(1). Let y(s) = 3*s**3 + 3*s**2 - 9*s. Let k(x) = -x**3 + x**2 + x. Let d(m) = -2*k(m) - y(m). Determine d(b).
-6
Suppose 0 = -3*f - f + 12. Let w(t) = 8*t**2 - 1 + 0*t - 3*t**2 - t - 4*t**2. Determine w(f).
5
Suppose -2*j - 2*j + 55 = 5*f, 0 = 3*j + 3*f - 45. Suppose 5*x = 5*i, -2*x - 3*i = j - 0. Let u(l) = l**2 + 7*l + 6. What is u(x)?
-6
Let b be 38/9 - (-4)/(-18). Suppose 2*a + 2 = -b. Let s(p) = p**2 + 5*p - 2. Calculate s(a).
-8
Let u be 0*(-7 + 3)/(-4). Let c(d) = d**2 - d + 14. Calculate c(u).
14
Suppose 5*j - 126 = -2*k, 2*j - 25 - 25 = -k. Let q be j/2 + (-5 - -2). Suppose 4*i - q = -i. Let w(t) = -2*t - 2. Calculate w(i).
-6
Let b(s) = -6*s - 4 + 5 - 72*s**2 + 73*s**2 + 0. What is b(7)?
8
Let q be 4 + 3*1/3. Let n(p) = 2 + 3*p - 4 + q - 4*p. Let h be n(2). Let b(t) = 4*t**3 + t**2 - t. What is b(h)?
4
Let c(m) be the first derivative of m**4/4 - m**3/3 - 2*m**2 + 3*m - 26. Let z(h) = h**3 + 6*h**2 + 4*h - 3. Let f be z(-5). Determine c(f).
-1
Suppose 0 = 2*z - 6 - 0. Suppose -11 = -4*n - z. Let d(x) = x - x**n - 2*x + x. Determine d(-3).
-9
Let k(t) be the third derivative of -t**6/120 + t**5/12 + t**4/8 + 7*t**3/6 + 21*t**2 - 3*t. Determine k(6).
-11
Suppose 0 = -5*z + 7 + 13. Let p be (1 - z) + 24/4. Let d(l) = 3*l + 2. Calculate d(p).
11
Let f be (8/(-2))/((-4)/2). Let o(l) = 0 - l + 4*l**f + l**2 - 1. Give o(-1).
5
Let x(c) = c**2 + c. Let k = -5 + 9. Let a be 1/(0 + (-2)/k). Let m be x(a). Let z(t) = t**2 - 2. What is z(m)?
2
Let b(w) = w + 9. Let j be b(-8). Let i(h) = 0*h**2 - h**2 - 2*h + 6*h**2 - j. Let n be 1/2*(-2 + 0). What is i(n)?
6
Let p(z) = z + 2. Let m(d) = d**3 + 8*d**2 + 8*d + 10. Let x be m(-7). What is p(x)?
5
Let r(u) = u**3 - 7*u**2 - 10*u - 5. Let a(m) = -5*m**3 + 28*m**2 + 41*m + 21. Let z(f) = 2*a(f) + 9*r(f). Give z(-6).
9
Let x(u) = u**3 + 5*u**2 - 5*u + 1. Let h be x(-6). Let q(t) = -t**2 - 5*t + 5. Give q(h).
5
Let y(a) = 2*a + 4. Suppose 0 = 2*g - 7 - 3. Suppose -3*q - g = -2*q. Give y(q).
-6
Let t(b) be the second derivative of -7/6*b**4 - 5*b + 0*b**3 + 0 + 1/2*b**2. Give t(-1).
-13
Let m be 2/(-3)*(-3)/(-2). Let l(o) = -5*o**3 - o**2 + 1. Let f(z) = z**3 - z**2 + z. Let c(n) = m*l(n) - 6*f(n). What is c(6)?
-1
Let x(a) be the second derivative of -2*a**3/3 + a**2/2 + 19*a. What is x(-2)?
9
Let c(j) = j**2 + 7*j + 1. Let p be (-3)/(-12) - (-63)/(-12). What is c(p)?
-9
Let m = -2 + 5. Let z(q) = -4*q**3 - 4*q**2 - q**3 + 2 + q + 4*q**m. Calculate z(-3).
-10
Let z(w) be the first derivative of -2 + 0*w**3 - 3/2*w**2 + 1/6*w**4 + 0*w - 1/60*w**5. Let q(f) be the second derivative of z(f). Give q(4).
0
Let a(r) = -r**2. Let n(f) = f - 3. Let u be n(6). Let s = u - 1. Determine a(s).
-4
Let u(q) = 10 - 3 - q - 4 - 1. What is u(3)?
-1
Let x = -420 - -416. Let o(n) be the first derivative of n**4/4 + 5*n**3/3 + 3*n**2 + 6*n - 1. Determine o(x).
-2
Let c(f) be the third derivative of -f**5/12 - f**3/6 + 6*f**2. What is c(-1)?
-6
Let x(m) = 9*m**2 - 3*m. Let n(r) = 4*r**2 - r. Let u(l) = -5*n(l) + 2*x(l). Give u(1).
-3
Suppose -v - 1 = 4. Let f(p) = p**3 + 4*p**2 - 6*p + 1. Determine f(v).
6
Let q be 0 - (2 + 3/3). Let x(u) = 11*u + 4. Let y(m) = -4*m - 1. Let s(j) = q*x(j) - 8*y(j). Determine s(-2).
-2
Let l(b) = 2*b - 15. Let h(j) = j - 8. Let f(q) = 11*h(q) - 6*l(q). Give f(6).
-4
Let w(l) be the third derivative of -1/60*l**5 + 0*l + 1/24*l**4 + 5*l**2 + 1/6*l**3 + 0. Determine w(-1).
-1
Suppose -5*k = -v + 57, k + 5*v + 3 = v. Let i = 7 + k. Let o(s) = -s**2 - s + 0*s**2 + s - 4*s. Calculate o(i).
0
Let k(l) be the third derivative of -1/6*l**3 + 0*l - 1/24*l**4 + 0 - l**2. Suppose 0 = -5*f - 3*c + 40, 0 = 5*f + c - 4*c - 10. Determine k(f).
-6
Let d be (-1)/(-4) - 3/12. Let s(q) = 1 - 2 - 2*q + 4*q + d. What is s(-2)?
-5
Let l(n) be the third derivative of n**5/60 - n**4/24 + 2*n**3 - 3*n**2. Let q be 2 - (-1 - 0)*1. Suppose q + 1 = -2*y, 2 = -3*w - y. Calculate l(w).
12
Suppose -g + 4 = 0, 5*a + g = 15 + 4. Let u = 2 - a. Let z(r) = 4*r - 1 - 3*r + 5*r. Give z(u).
-7
Suppose -3*h + 2 + 7 = 0. Let v(c) = c**3 + 9*c**2 - c - 7. Let l be v(-9). Let z(a) = -5*a**3 + a + l + 0*a + 4*a**h. Give z(0).
2
Let k(p) = 6*p**3 + 2*p**2 + 7*p - 6. Let i(n) = -7*n**3 - 3*n**2 - 8*n + 7. Let y(r) = -5*i(r) - 6*k(r). What is y(2)?
1
Let s(v) = v**3 + v**2 - 3*v + 2. Let p = 0 - -4. Let f be 6/(-5)*(-10)/p. Suppose -7*c + f*c - 12 = 0. Calculate s(c).
-7
Let h(c) be the second derivative of -3/2*c**2 + 2*c + 0 - 2/3*c**3. Let u be h(-2). Let y(n) = n**2 - 3*n - 7. Give y(u).
3
Let j(g) = -g - 2. Let w(v) = -v - 2. Let b(f) = 5*j(f) - 4*w(f). Let m(d) = -3*d**3 + d**2 + d - 1. Let t be m(1). Calculate b(t).
0
Suppose -4*n = -0*n + 16, 4*d - 5*n - 44 = 0. Let w(p) = -4*p**2 + d - 3*p**2 + 6*p**2 + 5*p. Give w(5).
6
Let a(l) = 3*l**2 + 8*l + 5. Let o(x) = 2*x**2 + 7*x + 5. Let n(q) = -3*a(q) + 4*o(q). Determine n(6).
-7
Let w(i) = i + 13. Let q be w(-9). Suppose q*y - 5*x = -4*x + 6, -3*y = -x - 4. Let c(d) = 2 - 3 + d**3 - y*d + 4*d**2 - 3. Give c(-4).
4
Let k(i) be the first derivativ